
-33
925 + -939 - ((101 - 2) + -1 - (56 - 56))
-112
What is -52 + 22 - -2 - -25 - (-3 - 1)?
1
Evaluate -11661 + 11733 - (1 - 2).
73
What is the value of -12 + (-75 - 17) + 121?
17
What is the value of 33 - 37 - 76 - -24?
-56
(18 - (-19 - -15 - -2 - -10)) + 21
31
Calculate -139 - (-20 - 149 - 111).
141
What is the value of 6 - (17 + 37 - 21)?
-27
21 + -1 - (28 - (-1 - -13) - 43)
47
What is the value of (0 + 3 - (20 + (15 + -8 - 34))) + -78?
-68
What is 7 + ((-4 - -6) + -3 - (40 - (-55 + 22)))?
-67
What is -118 + 115 + 32 - -48?
77
What is the value of -104 + (26 + -72 - -81)?
-69
Calculate (16 + 85 + -48 - 46) + (1 + 0 - -10).
18
Calculate (104 - (-1 + 69)) + (4 + -8 + 4 - -13).
49
What is the value of (33 - 17) + (-25 - -15) + 8?
14
Calculate -32 + (9 - -13) - (7 + -36 + -9).
28
What is the value of 39 - (59 + -34 + 31)?
-17
-14 - 1 - (-21 + 15 + (-6 - -12))
-15
What is the value of (-962 - -995) + (2 - 4)?
31
What is (-1 - 18) + 36 + (-113 - -77) + -17?
-36
Evaluate (-116 - 3) + (-4816 - -4811).
-124
-96 + 27 + -76 - (-38 - 9)
-98
Calculate (25 + -4 - 3) + (-262 - -264).
20
What is the value of -15 + -1 + -2874 + 2912?
22
What is the value of (32 - (21 - 0)) + -78 - -15?
-52
What is -24 + (44 - 3 - (-147 + 100))?
64
Evaluate 49 + -100 + 36 - 2.
-17
-5 - ((11 - (-6 - -2 - -6)) + -67)
53
What is the value of -46 + 4 + 933 + -885?
6
-99 + 0 + 2 + -16579 + 16570
-106
What is (172 - 171) + (4 - 5) + 93?
93
Calculate (0 - 31) + 1035 + -980 - -2.
26
Evaluate (-3 - -5) + (-17 - -5) + 10 + -46 + 1.
-45
What is the value of 8 + 5 + 2 + -100 + 73 + -6?
-18
31 + 15 - (4 - (22 - (4 + 5)))
55
What is the value of (1041 - 1092) + 2 + 3 + -37?
-83
What is the value of (5 + -7 - 3) + -67 - (-33 + 43)?
-82
What is the value of 80 - ((-15 - 9) + 17 + 1)?
86
Calculate 5 - (29 - (16 + -35 + 7)).
-36
What is 174 + -190 + 18 - (1 + -1 + -96)?
98
Calculate -1 + -45 + 533 + -546.
-59
Calculate (11 - 4) + -8 + 0 + (1 - (-9 + 11)).
-2
What is 12 + -14 + 7 + -25?
-20
Evaluate 12 - ((2 - 14) + (30 - 5) + 2).
-3
Calculate 14 + (-8 - 0) + 856 + -841.
21
(120 - (-43 - -87)) + -34
42
-20 - (-3 + 9 + 4 + 9) - (5 + 5)
-49
Evaluate 3784 - 3741 - (1 - -22).
20
Evaluate -2 - -5 - (-14 - -14 - -1) - (-5 - 25).
32
What is the value of 8 + -5 + 0 + -80 + (30 - (35 - 15))?
-67
What is (2 - 0) + 41 - (1698 + -1692)?
37
What is the value of 6 + -8 + 13 - 35 - 20?
-44
Evaluate -52 + 119 + -98 + (-3 - 41).
-75
Evaluate 26 + -41 + (-11 - 1) + 12.
-15
What is 57 + (87 + -78 - 12)?
54
Evaluate (-92 - (-13 - 87)) + 1 + -49.
-40
Evaluate -65 + 116 + -53 + (-81 - (1 - (0 - -1))).
-83
Calculate -1 - -2 - (4 + 10 + -8 + -4).
-1
What is -1 + 47 + 1 - (55 + -94 - -37)?
49
(-3 - (-3 - 0) - -1) + -2 - (221 + -188)
-34
Calculate (-8650 - -8669) + (1 - 3) + -85.
-68
Calculate -10 + (21 - 28) + (8 + -6 - 13) + 8.
-20
What is the value of 3 + (-4 - -35 - (-3 + 1)) - (-44 - -37)?
43
Calculate -1 + 8 + (-3 - (-2 + -5 + 11)) + -39.
-39
5 - -6 - 4 - (16 - (-3 + 7)) - 6
-11
Calculate 4 - ((-210 - -272) + (1 - 1) + -2).
-56
What is the value of (28 - (-16 + 11)) + -31?
2
What is 33 - (18 - (-16 + 41 + -21))?
19
Calculate (104 - (-5 + (-29 - -16))) + (0 - 9).
113
Calculate 22 + 86 + -114 - (-6 - -1).
-1
What is the value of -10 + (-13 - (-56 + 5 - -16)) - (2 - 6)?
16
What is the value of (45 + -145 - -33) + 4?
-63
-34 + 36 + 11 + -2 - (13 + 3)
-5
What is -55 + 4 + 4 + -33 + 15 - -18?
-47
Evaluate -66 + -4 + 15 + 7 + 1.
-47
Evaluate (7 - (-6 + 8 + 3)) + 1.
3
What is the value of -44 + (-37 - (17 - -2) - -11)?
-89
What is -1 + -65 + 35 + -56 + -39 + 40?
-86
Calculate -48 + -26 + 60 - (0 - 10) - 93.
-97
What is -45 - ((17 - 31) + -2 - -5)?
-34
Calculate -2 + 7 + -54 + -7 + 14 - (0 - 15).
-27
Calculate 11 + -21 + (-2 - -5 - (-17 - -10) - 0).
0
What is (-58 - 5) + 10 - (671 - 703)?
-21
Evaluate -6 + 5 - (-65 + (0 - -15) + -4 + -5).
58
What is (-444 - -456) + -11 + (9 + -18 - -5)?
-3
What is the value of 246 - 225 - (-1 - -51) - 22?
-51
-123 - (-110 - -14) - -87
60
What is 76 + (-160 - -103) + -40 + 0?
-21
Evaluate 73 + (-8 - -13) + (-7 + 0 - -8).
79
-2 + (-18 - -48 - -4) + -1 + -4 + -3
24
-5 + (3 + 5 - (13 + -4 - -56))
-62
Calculate 54 - (40 + 31 + 23).
-40
-10 - (25 - ((3 - 1) + -2 - -17))
-18
Calculate (4 - 3 - 2 - -8) + (-9 - -6) + -17.
-13
Evaluate (35 - -3) + -27 + 3.
14
(-50 + 24 - -73) + -23
24
Evaluate (2 - 4) + -1 + (-1115 - -1074) + 12.
-32
Calculate (3 - ((-187 - (-1 + -18)) + 20)) + -22.
129
0 - (-77 + 73 + -40 + (-4 + 9 - 2))
41
What is (32 - -5) + -3 + -10?
24
Calculate -27 + -1 - ((-5 - (1 + -11 - 2)) + 1).
-36
-42 + 1 + (-3 - -16) - (-9 - (0 - 0))
-19
Evaluate -7 - -1 - (-266 + (599 - 306)).
-33
Calculate (-4 - (25 + -2)) + (2216 - 2188).
1
What is 73 + 16 + 4 - 103?
-10
Evaluate -40 + (-119 + 318 - 78).
81
What is the value of (0 - -9 - (2 + -2)) + -181 + 213?
41
What is the value of 42 - (-1 + 26 + (-893 - -876) - (10 + 0))?
44
What is the value of (13 - -4) + -66 + 72?
23
What is the value of -6 + 7 + -5 + -3 + -4 + -16?
-27
116 + (-348 - (-26 - 120))
-86
What is the value of 27 - (-5 - (23 + -62) - 33)?
26
What is the value of 21 - (-11 - (-33 + 31))?
30
-17 - (0 + -16 - -51)
-52
Evaluate 22 - (2 - 2 - 9 - (269 - 289)).
11
-33 + 25 + (40 + -39 - (-2 - 12))
7
Evaluate (-70 - -67 - 72) + 68.
-7
What is 1 + 74 - (1756 + -1734)?
53
Evaluate -107 - (-19 - 3) - (-29 + 3).
-59
What is -9 - ((27 - (11 - (-5 + 27))) + 5)?
-52
Calculate -40 - (-38 + (61 - 21 - 8)).
-34
(27 - 1) + -26 - (-61 + 2) - 4
55
What is the value of -9 + 8 - (148 + -84)?
-65
Evaluate 7 - (26 + -56) - (-2 + -1 - 0).
40
What is the value of (-28 - (4 - 12)) + 24 - 10?
-6
Calculate (-3 + 5 - 10) + 59 + -29 + -9.
13
What is 1 + 0 + (-22 - -5) + 28?
12
Evaluate (0 + 0 - -28) + (-20 - (-41 - -43 - 18)).
24
6 - (16 - (-14 + -9)) - 12
-45
Evaluate -127 - (79 - 124) - (-1 + -21).
-60
Evaluate (-43 + 69 - 14) + (-3 - 74) - 19.
-84
-9 + (-27 - -15) + 33 - 31
-19
Calculate 18 - (-15 + (6 - 0 - (11 - 19))).
19
What is the value of 67 + (-6 + -17 - 23)?
21
(5 + -2 - -7) + (-46 - (-38 + -10))
12
What is the value of 27 - (-12 + (-30 - -31)) - 69?
-31
Evaluate 3 + 6 + -2 + (219 - 237).
-11
What is the value of 16 - 6 - (-122 - -134 - (-8 - 0))?
-10
(0 - 17 - -3) + (402 - 421) + 8
-25
Evaluate -9 + (-178 - -174 - (-2 + 1)) - -112.
100
(50 + -59 - 19) + 43
15
Calculate 60 + -1 - (-3 - -1 - (54 - 28 - 30)).
57
What is (10 - 5) + 3 + (-1 - -5) + (-140 - -107)?
-21
What is -19 + -39 + -35 + 45?
-48
What is 87 - (44 + -38 + (15 - 0))?
66
(59 - 137) + 45 + 5
-28
Calculate -12 - -6 - 2 - (-81 + 12 - -43).
18
Evaluate (-11 - (12 - 34)) + -116 - -22.
-83
-36 - (-4 + -1 + -6 - (18 + -23))
-30
Calculate 30 + 1 - (177 - (193 - 28)).
19
(1 - -27) + 1357 + -1421
-36
What is 103 + (-128 - -89) + (-2 - -14)?
76
What is (-9 - -3) + (-3 - -51) + (-2 - 30 - -27)?
37
Evaluate 2 + (60 - (1 - -1) - (-5 + -2 - -2)).
65
Evaluate 19 - (-30 - -76) - (0 - 1 - -4).
-30
What is the value of 46 + -51 + (-4 - -8) - (1 + -9)?
7
1 - -43 - -1 - (6333 - 6351)
63
Calculate (0 - (-23 + 38 - 14)) + 14.
13
What is 23 + -2 + (-20 - -14 - ((8 - 20) + 16))?
11
What is the value of -36 + 39 + 56 - 25?
34
Evaluate (13 - (-15 - -53)) + 4.
-21
Calculate 38 + 27 + (1 - ((11 - 5) + 10)) - 0.
50
What is 55 - (-6 + (10 - -15))?
36
What is the value of -6 - 1 - (-30 + 28 + -34 + 24)?
5
(-60 - 21 - -29) + -43
-95
What is (13 - (26 - 10) - -77) + -21?
53
Evaluate (-12 - 15) + (0 - -2) + 96 - (0 + 4).
67
Calculate (-1 - -4 - (4 - -2)) + 10 - (26 - 104).
85
(2 - (82 - -5)) + (5 - 2) - (-27 + 16)
-71
Evaluate 15 - (-3 + 117 - (18 + -38 - -38)).
-81
Evaluate (-8 - (15 - (-4 + 31))) + (24 - -2).
30
2 + -4 - ((-4 - (14 + -5)) + -3 - -6)
8
Calculate 98 + -46 - 12 - 57.
-17
Calculate 1 + -1 + -4 + (11553 - 11465).
84
Evaluate (-42 - ((4 - 20) + 7)) + 13 + -8.
-28
What is 27 + 1 + -5 + -20 - (-33 + 6)?
30
Calculate -23 + (-16 - -1) + 84 + -51.
-5
What is 8 - ((0 - 94) + -9 + (1 - -25) + -10)?
95
Calculate (-1 - -27) + 2275 + -2254.
47
What is the value of 0 - 3 - (1 + 6) - (-73 - -26)?
37
Calculate 99 - (9 - -20) - (-21 + -7).
98
-658 - -650 - (6 - (-2 - -148))
132
10 - 12 - (19 + -1 - (68 + 6))
54
What is (-5 - 83) + 0 - ((-5 - -9) + (23 - 12))?
-103
What is the value of (-2835 - -2824) + 1 + (1 - -7) +